{"id":2436,"date":"2026-03-13T13:17:09","date_gmt":"2026-03-13T13:17:09","guid":{"rendered":"https:\/\/uddae.uea.edu.br\/?page_id=2436"},"modified":"2026-03-17T00:41:00","modified_gmt":"2026-03-17T00:41:00","slug":"teleodontologia","status":"publish","type":"page","link":"https:\/\/uddae.uea.edu.br\/index.php\/teleodontologia\/","title":{"rendered":"Teleodontologia"},"content":{"rendered":"\t\t<div data-elementor-type=\"wp-page\" data-elementor-id=\"2436\" class=\"elementor elementor-2436\">\n\t\t\t\t<div class=\"elementor-element elementor-element-168dd33e e-con-full e-flex elementor-invisible e-con e-parent\" data-id=\"168dd33e\" data-element_type=\"container\" data-e-type=\"container\" data-settings=\"{&quot;animation&quot;:&quot;fadeIn&quot;,&quot;background_background&quot;:&quot;classic&quot;}\">\n\t\t<div class=\"elementor-element elementor-element-da2cc4d e-con-full e-flex e-con e-child\" data-id=\"da2cc4d\" data-element_type=\"container\" data-e-type=\"container\">\n\t\t\t\t<div class=\"elementor-element elementor-element-7f8f614f elementor-widget elementor-widget-heading\" data-id=\"7f8f614f\" data-element_type=\"widget\" data-e-type=\"widget\" data-widget_type=\"heading.default\">\n\t\t\t\t<div class=\"elementor-widget-container\">\n\t\t\t\t\t<h2 class=\"elementor-heading-title elementor-size-default\">Teleodontologia<\/h2>\t\t\t\t<\/div>\n\t\t\t\t<\/div>\n\t\t\t\t<\/div>\n\t\t\t\t<\/div>\n\t\t<div class=\"elementor-element elementor-element-80f4ed8 e-con-full e-flex e-con e-parent\" data-id=\"80f4ed8\" data-element_type=\"container\" data-e-type=\"container\">\n\t\t\t\t<div class=\"elementor-element elementor-element-5e687b7 elementor-widget elementor-widget-text-editor\" data-id=\"5e687b7\" data-element_type=\"widget\" data-e-type=\"widget\" data-widget_type=\"text-editor.default\">\n\t\t\t\t<div class=\"elementor-widget-container\">\n\t\t\t\t\t\t\t\t\t<p><b>Teleconsultoria:\u00a0<\/b><span style=\"letter-spacing: 0px;\">Oferece uma maneira eficaz para profissionais de sa\u00fade esclarecerem d\u00favidas sobre procedimentos cl\u00ednicos, a\u00e7\u00f5es de sa\u00fade bucal e quest\u00f5es relativas ao processo de trabalho, tudo de forma remota, podendo ser s\u00edncrona e ass\u00edncrona, resposta em at\u00e9 72h.\u00a0<\/span><\/p>\t\t\t\t\t\t\t\t<\/div>\n\t\t\t\t<\/div>\n\t\t\t\t<div class=\"elementor-element elementor-element-c60da48 elementor-widget elementor-widget-image\" data-id=\"c60da48\" data-element_type=\"widget\" data-e-type=\"widget\" data-widget_type=\"image.default\">\n\t\t\t\t<div class=\"elementor-widget-container\">\n\t\t\t\t\t\t\t\t\t\t\t\t\t\t\t<img fetchpriority=\"high\" decoding=\"async\" width=\"1024\" height=\"576\" src=\"https:\/\/uddae.uea.edu.br\/wp-content\/uploads\/2026\/03\/1-1024x576.png\" class=\"attachment-large size-large wp-image-2497\" alt=\"\" srcset=\"https:\/\/uddae.uea.edu.br\/wp-content\/uploads\/2026\/03\/1-1024x576.png 1024w, https:\/\/uddae.uea.edu.br\/wp-content\/uploads\/2026\/03\/1-300x169.png 300w, https:\/\/uddae.uea.edu.br\/wp-content\/uploads\/2026\/03\/1-768x432.png 768w, https:\/\/uddae.uea.edu.br\/wp-content\/uploads\/2026\/03\/1-1536x864.png 1536w, https:\/\/uddae.uea.edu.br\/wp-content\/uploads\/2026\/03\/1-150x85.png 150w, https:\/\/uddae.uea.edu.br\/wp-content\/uploads\/2026\/03\/1-600x338.png 600w, https:\/\/uddae.uea.edu.br\/wp-content\/uploads\/2026\/03\/1.png 1920w\" sizes=\"(max-width: 1024px) 100vw, 1024px\" \/>\t\t\t\t\t\t\t\t\t\t\t\t\t\t\t<\/div>\n\t\t\t\t<\/div>\n\t\t\t\t<div class=\"elementor-element elementor-element-a2a51a6 elementor-widget elementor-widget-text-editor\" data-id=\"a2a51a6\" data-element_type=\"widget\" data-e-type=\"widget\" data-widget_type=\"text-editor.default\">\n\t\t\t\t<div class=\"elementor-widget-container\">\n\t\t\t\t\t\t\t\t\t<p>FIG1: Servi\u00e7o de Teleconsultoria (via Texto)<\/p>\t\t\t\t\t\t\t\t<\/div>\n\t\t\t\t<\/div>\n\t\t\t\t<div class=\"elementor-element elementor-element-c5c5853 elementor-widget elementor-widget-text-editor\" data-id=\"c5c5853\" data-element_type=\"widget\" data-e-type=\"widget\" data-widget_type=\"text-editor.default\">\n\t\t\t\t<div class=\"elementor-widget-container\">\n\t\t\t\t\t\t\t\t\t<p><b style=\"letter-spacing: 0px;\">Teleinterconsulta:<\/b><span style=\"letter-spacing: 0px;\"> intera\u00e7\u00e3o remota para a troca de opini\u00f5es e informa\u00e7\u00f5es\u00a0<\/span><span style=\"letter-spacing: 0px;\">cl\u00ednicas, laboratoriais e de imagens entre cirurgi\u00f5es-dentistas (Ex.: cl\u00ednico-geral e especialista), com a presen\u00e7a do paciente, para aux\u00edlio diagn\u00f3stico ou terap\u00eautico, facilitando a atua\u00e7\u00e3o interprofissional.\u00a0<\/span><\/p>\t\t\t\t\t\t\t\t<\/div>\n\t\t\t\t<\/div>\n\t\t\t\t<div class=\"elementor-element elementor-element-9518e1a elementor-widget elementor-widget-image\" data-id=\"9518e1a\" data-element_type=\"widget\" data-e-type=\"widget\" data-widget_type=\"image.default\">\n\t\t\t\t<div class=\"elementor-widget-container\">\n\t\t\t\t\t\t\t\t\t\t\t\t\t\t\t<img decoding=\"async\" width=\"1024\" height=\"576\" src=\"https:\/\/uddae.uea.edu.br\/wp-content\/uploads\/2026\/03\/2-1024x576.png\" class=\"attachment-large size-large wp-image-2498\" alt=\"\" srcset=\"https:\/\/uddae.uea.edu.br\/wp-content\/uploads\/2026\/03\/2-1024x576.png 1024w, https:\/\/uddae.uea.edu.br\/wp-content\/uploads\/2026\/03\/2-300x169.png 300w, https:\/\/uddae.uea.edu.br\/wp-content\/uploads\/2026\/03\/2-768x432.png 768w, https:\/\/uddae.uea.edu.br\/wp-content\/uploads\/2026\/03\/2-1536x864.png 1536w, https:\/\/uddae.uea.edu.br\/wp-content\/uploads\/2026\/03\/2-150x85.png 150w, https:\/\/uddae.uea.edu.br\/wp-content\/uploads\/2026\/03\/2-600x338.png 600w, https:\/\/uddae.uea.edu.br\/wp-content\/uploads\/2026\/03\/2.png 1920w\" sizes=\"(max-width: 1024px) 100vw, 1024px\" \/>\t\t\t\t\t\t\t\t\t\t\t\t\t\t\t<\/div>\n\t\t\t\t<\/div>\n\t\t\t\t<div class=\"elementor-element elementor-element-f9c014e elementor-widget elementor-widget-text-editor\" data-id=\"f9c014e\" data-element_type=\"widget\" data-e-type=\"widget\" data-widget_type=\"text-editor.default\">\n\t\t\t\t<div class=\"elementor-widget-container\">\n\t\t\t\t\t\t\t\t\t<p>FIG2: Servi\u00e7o de Teleinterconsulta (via V\u00eddeo com participa\u00e7\u00e3o do paciente)<\/p>\t\t\t\t\t\t\t\t<\/div>\n\t\t\t\t<\/div>\n\t\t\t\t<div class=\"elementor-element elementor-element-b774d18 elementor-widget elementor-widget-text-editor\" data-id=\"b774d18\" data-element_type=\"widget\" data-e-type=\"widget\" data-widget_type=\"text-editor.default\">\n\t\t\t\t<div class=\"elementor-widget-container\">\n\t\t\t\t\t\t\t\t\t<p><b>Teleduca\u00e7\u00e3o: <\/b>aulas, cursos, f\u00f3runs de discuss\u00e3o, palestras, reuni\u00f5es de matriciamento e semin\u00e1rios. Acesse agenda de teleduca\u00e7\u00e3o.\u00a0<\/p>\t\t\t\t\t\t\t\t<\/div>\n\t\t\t\t<\/div>\n\t\t\t\t<\/div>\n\t\t<div class=\"elementor-element elementor-element-cda5876 e-con-full e-flex e-con e-parent\" data-id=\"cda5876\" data-element_type=\"container\" data-e-type=\"container\">\n\t\t\t\t<div class=\"elementor-element elementor-element-efc1af0 elementor-widget elementor-widget-heading\" data-id=\"efc1af0\" data-element_type=\"widget\" data-e-type=\"widget\" data-widget_type=\"heading.default\">\n\t\t\t\t<div class=\"elementor-widget-container\">\n\t\t\t\t\t<h2 class=\"elementor-heading-title elementor-size-default\">Solicita\u00e7\u00e3o de atendimento Teleodonto UEA<\/h2>\t\t\t\t<\/div>\n\t\t\t\t<\/div>\n\t\t\t\t<div class=\"elementor-element elementor-element-034d01c elementor-widget elementor-widget-heading\" data-id=\"034d01c\" data-element_type=\"widget\" data-e-type=\"widget\" data-widget_type=\"heading.default\">\n\t\t\t\t<div class=\"elementor-widget-container\">\n\t\t\t\t\t<h2 class=\"elementor-heading-title elementor-size-default\">Especialidades oferecidsa no atendimento on-line via Teleodonto UEA<\/h2>\t\t\t\t<\/div>\n\t\t\t\t<\/div>\n\t\t\t\t<div class=\"elementor-element elementor-element-39b9b31 elementor-widget elementor-widget-text-editor\" data-id=\"39b9b31\" data-element_type=\"widget\" data-e-type=\"widget\" data-widget_type=\"text-editor.default\">\n\t\t\t\t<div class=\"elementor-widget-container\">\n\t\t\t\t\t\t\t\t\t<p style=\"margin-block-end: 4px; font-size: 20px; font-weight: 600;\">Cl\u00ednico Geral\u00a0<span style=\"letter-spacing: 0px;\">\u2022 Endodontia\u00a0<\/span><span style=\"letter-spacing: 0px;\">\u2022 Cirurgi\u00e3o bucomaxilofacial\u00a0<\/span><span style=\"letter-spacing: 0px;\">\u2022<\/span><span style=\"letter-spacing: 0px;\">\u00a0Estomatologia (Medicina Bucal) \/\u00a0<\/span><span style=\"letter-spacing: 0px;\">DTM\u00a0\u00a0<\/span><span style=\"letter-spacing: 0px;\">e Dor Orofacial\u00a0<\/span><span style=\"letter-spacing: 0px;\">\u2022 Ortodontia e Ortopedia dos Maxilares\u00a0<\/span><span style=\"letter-spacing: 0px;\">\u2022 Sa\u00fade coletiva<\/span><\/p>\t\t\t\t\t\t\t\t<\/div>\n\t\t\t\t<\/div>\n\t\t\t\t<div class=\"elementor-element elementor-element-d36da31 elementor-widget elementor-widget-heading\" data-id=\"d36da31\" data-element_type=\"widget\" data-e-type=\"widget\" data-widget_type=\"heading.default\">\n\t\t\t\t<div class=\"elementor-widget-container\">\n\t\t\t\t\t<h2 class=\"elementor-heading-title elementor-size-default\">Solicite atendimento Teleodonto UEA<\/h2>\t\t\t\t<\/div>\n\t\t\t\t<\/div>\n\t\t\t\t<div class=\"elementor-element elementor-element-d7d55f1 elementor-widget elementor-widget-text-editor\" data-id=\"d7d55f1\" data-element_type=\"widget\" data-e-type=\"widget\" data-widget_type=\"text-editor.default\">\n\t\t\t\t<div class=\"elementor-widget-container\">\n\t\t\t\t\t\t\t\t\t<p style=\"margin-block-end: 4px;\"><span style=\"font-size: 20px;\">Acesse o link abaixo que o direcionar\u00e1 ao Formul\u00e1rio de Solicita\u00e7\u00e3o. A demanda ser\u00e1 respondida em at\u00e9 72 horas por um dos professores \/ teleconsultores.<\/span><\/p>\t\t\t\t\t\t\t\t<\/div>\n\t\t\t\t<\/div>\n\t\t\t\t<div class=\"elementor-element elementor-element-c36553a elementor-widget__width-initial elementor-widget elementor-widget-accordion\" data-id=\"c36553a\" data-element_type=\"widget\" data-e-type=\"widget\" data-widget_type=\"accordion.default\">\n\t\t\t\t<div class=\"elementor-widget-container\">\n\t\t\t\t\t\t\t<div class=\"elementor-accordion\">\n\t\t\t\t\t\t\t<div class=\"elementor-accordion-item\">\n\t\t\t\t\t<div id=\"elementor-tab-title-2041\" class=\"elementor-tab-title\" data-tab=\"1\" role=\"button\" aria-controls=\"elementor-tab-content-2041\" aria-expanded=\"false\">\n\t\t\t\t\t\t\t\t\t\t\t\t\t<span class=\"elementor-accordion-icon elementor-accordion-icon-left\" aria-hidden=\"true\">\n\t\t\t\t\t\t\t\t\t\t\t\t\t\t\t<span class=\"elementor-accordion-icon-closed\"><i class=\"fas fa-plus\"><\/i><\/span>\n\t\t\t\t\t\t\t\t<span class=\"elementor-accordion-icon-opened\"><i class=\"fas fa-minus\"><\/i><\/span>\n\t\t\t\t\t\t\t\t\t\t\t\t\t\t<\/span>\n\t\t\t\t\t\t\t\t\t\t\t\t<a class=\"elementor-accordion-title\" tabindex=\"0\">Solicita\u00e7\u00e3o de Atendimento Teleodonto UEA<\/a>\n\t\t\t\t\t<\/div>\n\t\t\t\t\t<div id=\"elementor-tab-content-2041\" class=\"elementor-tab-content elementor-clearfix\" data-tab=\"1\" role=\"region\" aria-labelledby=\"elementor-tab-title-2041\"><p>Fique atento! Antes de solicitar atendimento \u00e9 importante conhecer o processo e potencializar o servi\u00e7o.<\/p><p>O arquivo abaixo cont\u00e9m o passo-a-passo<\/p><p><a href=\"https:\/\/simplebooklet.com\/teleodonto_uea16mar2026\"><img decoding=\"async\" src=\"http:\/\/uddae.uea.edu.br\/wp-content\/uploads\/2024\/04\/pdf-svgrepo-com.svg\" alt=\"\" width=\"18\" height=\"18\" \/> Tutorial de solicita\u00e7\u00e3o de atendimento<\/a><\/p><\/div>\n\t\t\t\t<\/div>\n\t\t\t\t\t\t\t<div class=\"elementor-accordion-item\">\n\t\t\t\t\t<div id=\"elementor-tab-title-2042\" class=\"elementor-tab-title\" data-tab=\"2\" role=\"button\" aria-controls=\"elementor-tab-content-2042\" aria-expanded=\"false\">\n\t\t\t\t\t\t\t\t\t\t\t\t\t<span class=\"elementor-accordion-icon elementor-accordion-icon-left\" aria-hidden=\"true\">\n\t\t\t\t\t\t\t\t\t\t\t\t\t\t\t<span class=\"elementor-accordion-icon-closed\"><i class=\"fas fa-plus\"><\/i><\/span>\n\t\t\t\t\t\t\t\t<span class=\"elementor-accordion-icon-opened\"><i class=\"fas fa-minus\"><\/i><\/span>\n\t\t\t\t\t\t\t\t\t\t\t\t\t\t<\/span>\n\t\t\t\t\t\t\t\t\t\t\t\t<a class=\"elementor-accordion-title\" tabindex=\"0\">Sugest\u00e3o de temas<\/a>\n\t\t\t\t\t<\/div>\n\t\t\t\t\t<div id=\"elementor-tab-content-2042\" class=\"elementor-tab-content elementor-clearfix\" data-tab=\"2\" role=\"region\" aria-labelledby=\"elementor-tab-title-2042\"><p><i>Quais temas voc\u00ea gostaria de ver na Teleodonto UEA?<\/i><\/p><p>Participe do question\u00e1rio atrav\u00e9s do link abaixo:<\/p><p><a href=\"https:\/\/docs.google.com\/forms\/d\/10vEFr-HHzRenqCWBnDsbOj7gxl_3LQ71wxtqu1wfp4s\/edit\">https:\/\/docs.google.com\/forms\/d\/10vEFr-HHzRenqCWBnDsbOj7gxl_3LQ71wxtqu1wfp4s\/edit<\/a><\/p><\/div>\n\t\t\t\t<\/div>\n\t\t\t\t\t\t\t\t<\/div>\n\t\t\t\t\t\t<\/div>\n\t\t\t\t<\/div>\n\t\t\t\t<\/div>\n\t\t<div class=\"elementor-element elementor-element-400e89fa e-con-full e-flex e-con e-parent\" data-id=\"400e89fa\" data-element_type=\"container\" data-e-type=\"container\" data-settings=\"{&quot;background_background&quot;:&quot;classic&quot;}\">\n\t\t<div class=\"elementor-element elementor-element-16719e0b e-con-full e-flex e-con e-child\" data-id=\"16719e0b\" data-element_type=\"container\" data-e-type=\"container\">\n\t\t\t\t<div class=\"elementor-element elementor-element-47016719 elementor-widget elementor-widget-heading\" data-id=\"47016719\" data-element_type=\"widget\" data-e-type=\"widget\" data-widget_type=\"heading.default\">\n\t\t\t\t<div class=\"elementor-widget-container\">\n\t\t\t\t\t<h2 class=\"elementor-heading-title elementor-size-default\">Solicita\u00e7\u00e3o de atendimento<\/h2>\t\t\t\t<\/div>\n\t\t\t\t<\/div>\n\t\t\t\t<div class=\"elementor-element elementor-element-9d84a97 elementor-align-center elementor-widget elementor-widget-button\" data-id=\"9d84a97\" data-element_type=\"widget\" data-e-type=\"widget\" data-widget_type=\"button.default\">\n\t\t\t\t<div class=\"elementor-widget-container\">\n\t\t\t\t\t\t\t\t\t<div class=\"elementor-button-wrapper\">\n\t\t\t\t\t<a class=\"elementor-button elementor-button-link elementor-size-lg elementor-animation-grow\" href=\"https:\/\/forms.gle\/mUP47jAGyPp9eSD58\">\n\t\t\t\t\t\t<span class=\"elementor-button-content-wrapper\">\n\t\t\t\t\t\t<span class=\"elementor-button-icon\">\n\t\t\t\t<i aria-hidden=\"true\" class=\"fas fa-mouse-pointer\"><\/i>\t\t\t<\/span>\n\t\t\t\t\t\t\t\t\t<span class=\"elementor-button-text\">Acesse o formul\u00e1rio<\/span>\n\t\t\t\t\t<\/span>\n\t\t\t\t\t<\/a>\n\t\t\t\t<\/div>\n\t\t\t\t\t\t\t\t<\/div>\n\t\t\t\t<\/div>\n\t\t\t\t<\/div>\n\t\t<div class=\"elementor-element elementor-element-6e952975 e-con-full e-flex e-con e-child\" data-id=\"6e952975\" data-element_type=\"container\" data-e-type=\"container\">\n\t\t\t\t<div class=\"elementor-element elementor-element-a0b1cf elementor-widget elementor-widget-heading\" data-id=\"a0b1cf\" data-element_type=\"widget\" data-e-type=\"widget\" data-widget_type=\"heading.default\">\n\t\t\t\t<div class=\"elementor-widget-container\">\n\t\t\t\t\t<h2 class=\"elementor-heading-title elementor-size-default\">Formul\u00e1rio para<br>adicionar fotos<\/h2>\t\t\t\t<\/div>\n\t\t\t\t<\/div>\n\t\t\t\t<div class=\"elementor-element elementor-element-74841981 elementor-align-center elementor-widget elementor-widget-button\" data-id=\"74841981\" data-element_type=\"widget\" data-e-type=\"widget\" data-widget_type=\"button.default\">\n\t\t\t\t<div class=\"elementor-widget-container\">\n\t\t\t\t\t\t\t\t\t<div class=\"elementor-button-wrapper\">\n\t\t\t\t\t<a class=\"elementor-button elementor-button-link elementor-size-lg elementor-animation-grow\" href=\"http:\/\/uddae.uea.edu.br\/wp-content\/uploads\/2026\/03\/MODELO-PARA-ENVIO-DAS-IMAGENS-TELEODONTO-UEA.docx\">\n\t\t\t\t\t\t<span class=\"elementor-button-content-wrapper\">\n\t\t\t\t\t\t<span class=\"elementor-button-icon\">\n\t\t\t\t<i aria-hidden=\"true\" class=\"fas fa-mouse-pointer\"><\/i>\t\t\t<\/span>\n\t\t\t\t\t\t\t\t\t<span class=\"elementor-button-text\">Acesse o formul\u00e1rio<\/span>\n\t\t\t\t\t<\/span>\n\t\t\t\t\t<\/a>\n\t\t\t\t<\/div>\n\t\t\t\t\t\t\t\t<\/div>\n\t\t\t\t<\/div>\n\t\t\t\t<\/div>\n\t\t\t\t<\/div>\n\t\t<div class=\"elementor-element elementor-element-3e626ff9 e-flex e-con-boxed e-con e-parent\" data-id=\"3e626ff9\" data-element_type=\"container\" data-e-type=\"container\" data-settings=\"{&quot;background_background&quot;:&quot;classic&quot;}\">\n\t\t\t\t\t<div class=\"e-con-inner\">\n\t\t\t\t\t<\/div>\n\t\t\t\t<\/div>\n\t\t<div class=\"elementor-element elementor-element-35bb400 e-con-full e-flex e-con e-parent\" data-id=\"35bb400\" data-element_type=\"container\" data-e-type=\"container\">\n\t\t\t\t<div class=\"elementor-element elementor-element-9bbc1d7 elementor-widget elementor-widget-image\" data-id=\"9bbc1d7\" data-element_type=\"widget\" data-e-type=\"widget\" data-widget_type=\"image.default\">\n\t\t\t\t<div class=\"elementor-widget-container\">\n\t\t\t\t\t\t\t\t\t\t\t\t\t\t\t<img loading=\"lazy\" decoding=\"async\" width=\"1024\" height=\"131\" src=\"https:\/\/uddae.uea.edu.br\/wp-content\/uploads\/2026\/03\/3-1-1024x131.png\" class=\"attachment-large size-large wp-image-2504\" alt=\"\" srcset=\"https:\/\/uddae.uea.edu.br\/wp-content\/uploads\/2026\/03\/3-1-1024x131.png 1024w, https:\/\/uddae.uea.edu.br\/wp-content\/uploads\/2026\/03\/3-1-300x38.png 300w, https:\/\/uddae.uea.edu.br\/wp-content\/uploads\/2026\/03\/3-1-768x98.png 768w, https:\/\/uddae.uea.edu.br\/wp-content\/uploads\/2026\/03\/3-1-1536x197.png 1536w, https:\/\/uddae.uea.edu.br\/wp-content\/uploads\/2026\/03\/3-1-600x77.png 600w, https:\/\/uddae.uea.edu.br\/wp-content\/uploads\/2026\/03\/3-1.png 1920w\" sizes=\"(max-width: 1024px) 100vw, 1024px\" \/>\t\t\t\t\t\t\t\t\t\t\t\t\t\t\t<\/div>\n\t\t\t\t<\/div>\n\t\t\t\t<\/div>\n\t\t\t\t<\/div>\n\t\t","protected":false},"excerpt":{"rendered":"<p>Teleodontologia Teleconsultoria:\u00a0Oferece uma maneira eficaz para profissionais de sa\u00fade esclarecerem d\u00favidas sobre procedimentos cl\u00ednicos, a\u00e7\u00f5es de sa\u00fade bucal e quest\u00f5es relativas ao processo de trabalho, tudo de forma remota, podendo ser s\u00edncrona e ass\u00edncrona, resposta em at\u00e9 72h.\u00a0 FIG1: Servi\u00e7o de Teleconsultoria (via Texto) Teleinterconsulta: intera\u00e7\u00e3o remota para a troca de opini\u00f5es e informa\u00e7\u00f5es\u00a0cl\u00ednicas, laboratoriais [&hellip;]<\/p>\n","protected":false},"author":1,"featured_media":0,"parent":0,"menu_order":0,"comment_status":"closed","ping_status":"closed","template":"elementor_header_footer","meta":{"footnotes":""},"class_list":["post-2436","page","type-page","status-publish","hentry"],"_links":{"self":[{"href":"https:\/\/uddae.uea.edu.br\/index.php\/wp-json\/wp\/v2\/pages\/2436","targetHints":{"allow":["GET"]}}],"collection":[{"href":"https:\/\/uddae.uea.edu.br\/index.php\/wp-json\/wp\/v2\/pages"}],"about":[{"href":"https:\/\/uddae.uea.edu.br\/index.php\/wp-json\/wp\/v2\/types\/page"}],"author":[{"embeddable":true,"href":"https:\/\/uddae.uea.edu.br\/index.php\/wp-json\/wp\/v2\/users\/1"}],"replies":[{"embeddable":true,"href":"https:\/\/uddae.uea.edu.br\/index.php\/wp-json\/wp\/v2\/comments?post=2436"}],"version-history":[{"count":70,"href":"https:\/\/uddae.uea.edu.br\/index.php\/wp-json\/wp\/v2\/pages\/2436\/revisions"}],"predecessor-version":[{"id":2536,"href":"https:\/\/uddae.uea.edu.br\/index.php\/wp-json\/wp\/v2\/pages\/2436\/revisions\/2536"}],"wp:attachment":[{"href":"https:\/\/uddae.uea.edu.br\/index.php\/wp-json\/wp\/v2\/media?parent=2436"}],"curies":[{"name":"wp","href":"https:\/\/api.w.org\/{rel}","templated":true}]}}