{"id":192,"date":"2023-07-01T18:10:44","date_gmt":"2023-07-01T18:10:44","guid":{"rendered":"http:\/\/telessaude.uea.edu.br\/?page_id=192"},"modified":"2023-07-23T16:53:46","modified_gmt":"2023-07-23T16:53:46","slug":"capacitacao-docente","status":"publish","type":"page","link":"https:\/\/uddae.uea.edu.br\/index.php\/capacitacao-docente\/","title":{"rendered":"Capacita\u00e7\u00e3o Docente"},"content":{"rendered":"\t\t<div data-elementor-type=\"wp-page\" data-elementor-id=\"192\" class=\"elementor elementor-192\">\n\t\t\t\t<div class=\"elementor-element elementor-element-71ad1b8 e-con-full e-flex elementor-invisible e-con e-parent\" data-id=\"71ad1b8\" data-element_type=\"container\" data-e-type=\"container\" data-settings=\"{&quot;animation&quot;:&quot;fadeIn&quot;,&quot;background_background&quot;:&quot;classic&quot;}\">\n\t\t<div class=\"elementor-element elementor-element-69873cb e-con-full e-flex e-con e-parent\" data-id=\"69873cb\" data-element_type=\"container\" data-e-type=\"container\">\n\t\t\t\t<div class=\"elementor-element elementor-element-b349b35 elementor-widget elementor-widget-heading\" data-id=\"b349b35\" data-element_type=\"widget\" data-e-type=\"widget\" data-widget_type=\"heading.default\">\n\t\t\t\t<div class=\"elementor-widget-container\">\n\t\t\t\t\t<h2 class=\"elementor-heading-title elementor-size-default\">Capacita\u00e7\u00e3o Docente<\/h2>\t\t\t\t<\/div>\n\t\t\t\t<\/div>\n\t\t\t\t<\/div>\n\t\t\t\t<\/div>\n\t\t<div class=\"elementor-element elementor-element-17b3b78 e-con-full e-flex e-con e-parent\" data-id=\"17b3b78\" data-element_type=\"container\" data-e-type=\"container\">\n\t\t\t\t<div class=\"elementor-element elementor-element-7624111 elementor-widget elementor-widget-text-editor\" data-id=\"7624111\" data-element_type=\"widget\" data-e-type=\"widget\" data-widget_type=\"text-editor.default\">\n\t\t\t\t<div class=\"elementor-widget-container\">\n\t\t\t\t\t\t\t\t\t<p>Tem como objetivo fomentar e apoiar o docente nas suas pr\u00e1ticas de sala de aula, preceptoria, forma\u00e7\u00e3o profissional e pessoal, assim como na carreira acad\u00eamica.<\/p>\t\t\t\t\t\t\t\t<\/div>\n\t\t\t\t<\/div>\n\t\t\t\t<\/div>\n\t\t\t\t<\/div>\n\t\t","protected":false},"excerpt":{"rendered":"<p>Capacita\u00e7\u00e3o Docente Tem como objetivo fomentar e apoiar o docente nas suas pr\u00e1ticas de sala de aula, preceptoria, forma\u00e7\u00e3o profissional e pessoal, assim como na carreira acad\u00eamica.<\/p>\n","protected":false},"author":1,"featured_media":0,"parent":0,"menu_order":0,"comment_status":"closed","ping_status":"closed","template":"elementor_header_footer","meta":{"footnotes":""},"class_list":["post-192","page","type-page","status-publish","hentry"],"_links":{"self":[{"href":"https:\/\/uddae.uea.edu.br\/index.php\/wp-json\/wp\/v2\/pages\/192","targetHints":{"allow":["GET"]}}],"collection":[{"href":"https:\/\/uddae.uea.edu.br\/index.php\/wp-json\/wp\/v2\/pages"}],"about":[{"href":"https:\/\/uddae.uea.edu.br\/index.php\/wp-json\/wp\/v2\/types\/page"}],"author":[{"embeddable":true,"href":"https:\/\/uddae.uea.edu.br\/index.php\/wp-json\/wp\/v2\/users\/1"}],"replies":[{"embeddable":true,"href":"https:\/\/uddae.uea.edu.br\/index.php\/wp-json\/wp\/v2\/comments?post=192"}],"version-history":[{"count":16,"href":"https:\/\/uddae.uea.edu.br\/index.php\/wp-json\/wp\/v2\/pages\/192\/revisions"}],"predecessor-version":[{"id":1223,"href":"https:\/\/uddae.uea.edu.br\/index.php\/wp-json\/wp\/v2\/pages\/192\/revisions\/1223"}],"wp:attachment":[{"href":"https:\/\/uddae.uea.edu.br\/index.php\/wp-json\/wp\/v2\/media?parent=192"}],"curies":[{"name":"wp","href":"https:\/\/api.w.org\/{rel}","templated":true}]}}

Capacitação Docente

<div data-elementor-type="wp-page" data-elementor-id="192" class="elementor elementor-192">
				<div class="elementor-element elementor-element-71ad1b8 e-con-full e-flex elementor-invisible e-con e-parent" data-id="71ad1b8" data-element_type="container" data-e-type="container" data-settings="{&quot;animation&quot;:&quot;fadeIn&quot;,&quot;background_background&quot;:&quot;classic&quot;}">
		<div class="elementor-element elementor-element-69873cb e-con-full e-flex e-con e-parent" data-id="69873cb" data-element_type="container" data-e-type="container">
				<div class="elementor-element elementor-element-b349b35 elementor-widget elementor-widget-heading" data-id="b349b35" data-element_type="widget" data-e-type="widget" data-widget_type="heading.default">
				<div class="elementor-widget-container">
					<h2 class="elementor-heading-title elementor-size-default">Capacitação Docente</h2>				</div>
				</div>
				</div>
				</div>
		<div class="elementor-element elementor-element-17b3b78 e-con-full e-flex e-con e-parent" data-id="17b3b78" data-element_type="container" data-e-type="container">
				<div class="elementor-element elementor-element-7624111 elementor-widget elementor-widget-text-editor" data-id="7624111" data-element_type="widget" data-e-type="widget" data-widget_type="text-editor.default">
				<div class="elementor-widget-container">
									<p>Tem como objetivo fomentar e apoiar o docente nas suas práticas de sala de aula, preceptoria, formação profissional e pessoal, assim como na carreira acadêmica.</p>								</div>
				</div>
				</div>
				</div>

<p>Capacitação Docente Tem como objetivo fomentar e apoiar o docente nas suas práticas de sala de aula, preceptoria, formação profissional e pessoal, assim como na carreira acadêmica.</p>
