{"id":961,"date":"2023-07-06T00:20:28","date_gmt":"2023-07-06T00:20:28","guid":{"rendered":"http:\/\/telessaude.uea.edu.br\/?page_id=961"},"modified":"2023-09-12T19:19:37","modified_gmt":"2023-09-12T19:19:37","slug":"nucleos","status":"publish","type":"page","link":"http:\/\/uddae.uea.edu.br\/index.php\/nucleos\/","title":{"rendered":"N\u00facleos"},"content":{"rendered":"\t\t<div data-elementor-type=\"wp-page\" data-elementor-id=\"961\" class=\"elementor elementor-961\">\n\t\t\t\t<div class=\"elementor-element elementor-element-c592e15 e-flex e-con-boxed e-con e-parent\" data-id=\"c592e15\" data-element_type=\"container\" data-e-type=\"container\" data-settings=\"{&quot;background_background&quot;:&quot;classic&quot;}\">\n\t\t\t\t\t<div class=\"e-con-inner\">\n\t\t<div class=\"elementor-element elementor-element-ed1b389 e-con-full e-flex e-con e-child\" data-id=\"ed1b389\" data-element_type=\"container\" data-e-type=\"container\">\n\t\t\t\t<div class=\"elementor-element elementor-element-c971f1c elementor-widget elementor-widget-heading\" data-id=\"c971f1c\" data-element_type=\"widget\" data-e-type=\"widget\" data-widget_type=\"heading.default\">\n\t\t\t\t<div class=\"elementor-widget-container\">\n\t\t\t\t\t<h2 class=\"elementor-heading-title elementor-size-default\">Nossos N\u00facleos<\/h2>\t\t\t\t<\/div>\n\t\t\t\t<\/div>\n\t\t\t\t<\/div>\n\t\t\t\t\t<\/div>\n\t\t\t\t<\/div>\n\t\t<div class=\"elementor-element elementor-element-3d4fbc6 e-flex e-con-boxed e-con e-parent\" data-id=\"3d4fbc6\" data-element_type=\"container\" data-e-type=\"container\" data-settings=\"{&quot;background_background&quot;:&quot;classic&quot;}\">\n\t\t\t\t\t<div class=\"e-con-inner\">\n\t\t<div class=\"elementor-element elementor-element-8585b6f e-con-full e-flex e-con e-child\" data-id=\"8585b6f\" data-element_type=\"container\" data-e-type=\"container\">\n\t\t\t\t<div class=\"elementor-element elementor-element-847b2a7 elementor-position-top elementor-invisible elementor-widget elementor-widget-image-box\" data-id=\"847b2a7\" data-element_type=\"widget\" data-e-type=\"widget\" data-settings=\"{&quot;_animation&quot;:&quot;fadeIn&quot;}\" data-widget_type=\"image-box.default\">\n\t\t\t\t<div class=\"elementor-widget-container\">\n\t\t\t\t\t<div class=\"elementor-image-box-wrapper\"><figure class=\"elementor-image-box-img\"><a href=\"https:\/\/uddae.uea.edu.br\/index.php\/capacitacao-docente\/\" tabindex=\"-1\"><img fetchpriority=\"high\" decoding=\"async\" width=\"300\" height=\"300\" src=\"http:\/\/uddae.uea.edu.br\/wp-content\/uploads\/2023\/07\/3-1-300x300.png\" class=\"elementor-animation-grow attachment-medium size-medium wp-image-372\" alt=\"\" srcset=\"http:\/\/uddae.uea.edu.br\/wp-content\/uploads\/2023\/07\/3-1-300x300.png 300w, http:\/\/uddae.uea.edu.br\/wp-content\/uploads\/2023\/07\/3-1-1024x1024.png 1024w, http:\/\/uddae.uea.edu.br\/wp-content\/uploads\/2023\/07\/3-1-150x150.png 150w, http:\/\/uddae.uea.edu.br\/wp-content\/uploads\/2023\/07\/3-1-768x768.png 768w, http:\/\/uddae.uea.edu.br\/wp-content\/uploads\/2023\/07\/3-1-230x230.png 230w, http:\/\/uddae.uea.edu.br\/wp-content\/uploads\/2023\/07\/3-1-400x400.png 400w, http:\/\/uddae.uea.edu.br\/wp-content\/uploads\/2023\/07\/3-1-600x600.png 600w, http:\/\/uddae.uea.edu.br\/wp-content\/uploads\/2023\/07\/3-1-640x640.png 640w, http:\/\/uddae.uea.edu.br\/wp-content\/uploads\/2023\/07\/3-1.png 1080w\" sizes=\"(max-width: 300px) 100vw, 300px\" \/><\/a><\/figure><div class=\"elementor-image-box-content\"><h3 class=\"elementor-image-box-title\"><a href=\"https:\/\/uddae.uea.edu.br\/index.php\/capacitacao-docente\/\">Capacita\u00e7\u00e3o <br>Docente<\/a><\/h3><\/div><\/div>\t\t\t\t<\/div>\n\t\t\t\t<\/div>\n\t\t\t\t<\/div>\n\t\t<div class=\"elementor-element elementor-element-f74233e e-con-full e-flex e-con e-child\" data-id=\"f74233e\" data-element_type=\"container\" data-e-type=\"container\">\n\t\t\t\t<div class=\"elementor-element elementor-element-738af80 elementor-position-top elementor-invisible elementor-widget elementor-widget-image-box\" data-id=\"738af80\" data-element_type=\"widget\" data-e-type=\"widget\" data-settings=\"{&quot;_animation&quot;:&quot;fadeIn&quot;}\" data-widget_type=\"image-box.default\">\n\t\t\t\t<div class=\"elementor-widget-container\">\n\t\t\t\t\t<div class=\"elementor-image-box-wrapper\"><figure class=\"elementor-image-box-img\"><a href=\"http:\/\/uddae.uea.edu.br\/index.php\/integracao-curricular-e-de-ensino-e-servico\/\" tabindex=\"-1\"><img decoding=\"async\" width=\"1080\" height=\"1080\" src=\"http:\/\/uddae.uea.edu.br\/wp-content\/uploads\/2023\/07\/1-1.png\" class=\"elementor-animation-grow attachment-full size-full wp-image-369\" alt=\"\" srcset=\"http:\/\/uddae.uea.edu.br\/wp-content\/uploads\/2023\/07\/1-1.png 1080w, http:\/\/uddae.uea.edu.br\/wp-content\/uploads\/2023\/07\/1-1-300x300.png 300w, http:\/\/uddae.uea.edu.br\/wp-content\/uploads\/2023\/07\/1-1-1024x1024.png 1024w, http:\/\/uddae.uea.edu.br\/wp-content\/uploads\/2023\/07\/1-1-150x150.png 150w, http:\/\/uddae.uea.edu.br\/wp-content\/uploads\/2023\/07\/1-1-768x768.png 768w, http:\/\/uddae.uea.edu.br\/wp-content\/uploads\/2023\/07\/1-1-230x230.png 230w, http:\/\/uddae.uea.edu.br\/wp-content\/uploads\/2023\/07\/1-1-400x400.png 400w, http:\/\/uddae.uea.edu.br\/wp-content\/uploads\/2023\/07\/1-1-600x600.png 600w, http:\/\/uddae.uea.edu.br\/wp-content\/uploads\/2023\/07\/1-1-640x640.png 640w\" sizes=\"(max-width: 1080px) 100vw, 1080px\" \/><\/a><\/figure><div class=\"elementor-image-box-content\"><h3 class=\"elementor-image-box-title\"><a href=\"http:\/\/uddae.uea.edu.br\/index.php\/integracao-curricular-e-de-ensino-e-servico\/\">Integra\u00e7\u00e3o Curricular e de Ensino e Servi\u00e7o<\/a><\/h3><\/div><\/div>\t\t\t\t<\/div>\n\t\t\t\t<\/div>\n\t\t\t\t<\/div>\n\t\t<div class=\"elementor-element elementor-element-9e40043 e-con-full e-flex e-con e-child\" data-id=\"9e40043\" data-element_type=\"container\" data-e-type=\"container\">\n\t\t\t\t<div class=\"elementor-element elementor-element-cb7ae24 elementor-position-top elementor-invisible elementor-widget elementor-widget-image-box\" data-id=\"cb7ae24\" data-element_type=\"widget\" data-e-type=\"widget\" data-settings=\"{&quot;_animation&quot;:&quot;fadeIn&quot;}\" data-widget_type=\"image-box.default\">\n\t\t\t\t<div class=\"elementor-widget-container\">\n\t\t\t\t\t<div class=\"elementor-image-box-wrapper\"><figure class=\"elementor-image-box-img\"><a href=\"https:\/\/uddae.uea.edu.br\/index.php\/planejamento-educacional\/\" tabindex=\"-1\"><img decoding=\"async\" width=\"1080\" height=\"1080\" src=\"http:\/\/uddae.uea.edu.br\/wp-content\/uploads\/2023\/07\/5-1.png\" class=\"elementor-animation-grow attachment-full size-full wp-image-371\" alt=\"\" srcset=\"http:\/\/uddae.uea.edu.br\/wp-content\/uploads\/2023\/07\/5-1.png 1080w, http:\/\/uddae.uea.edu.br\/wp-content\/uploads\/2023\/07\/5-1-300x300.png 300w, http:\/\/uddae.uea.edu.br\/wp-content\/uploads\/2023\/07\/5-1-1024x1024.png 1024w, http:\/\/uddae.uea.edu.br\/wp-content\/uploads\/2023\/07\/5-1-150x150.png 150w, http:\/\/uddae.uea.edu.br\/wp-content\/uploads\/2023\/07\/5-1-768x768.png 768w, http:\/\/uddae.uea.edu.br\/wp-content\/uploads\/2023\/07\/5-1-230x230.png 230w, http:\/\/uddae.uea.edu.br\/wp-content\/uploads\/2023\/07\/5-1-400x400.png 400w, http:\/\/uddae.uea.edu.br\/wp-content\/uploads\/2023\/07\/5-1-600x600.png 600w, http:\/\/uddae.uea.edu.br\/wp-content\/uploads\/2023\/07\/5-1-640x640.png 640w\" sizes=\"(max-width: 1080px) 100vw, 1080px\" \/><\/a><\/figure><div class=\"elementor-image-box-content\"><h3 class=\"elementor-image-box-title\"><a href=\"https:\/\/uddae.uea.edu.br\/index.php\/planejamento-educacional\/\">Planejamento<br> Educacional<\/a><\/h3><\/div><\/div>\t\t\t\t<\/div>\n\t\t\t\t<\/div>\n\t\t\t\t<\/div>\n\t\t<div class=\"elementor-element elementor-element-6e1e007 e-con-full e-flex e-con e-child\" data-id=\"6e1e007\" data-element_type=\"container\" data-e-type=\"container\">\n\t\t\t\t<div class=\"elementor-element elementor-element-b88ab03 elementor-position-top elementor-invisible elementor-widget elementor-widget-image-box\" data-id=\"b88ab03\" data-element_type=\"widget\" data-e-type=\"widget\" data-settings=\"{&quot;_animation&quot;:&quot;fadeIn&quot;}\" data-widget_type=\"image-box.default\">\n\t\t\t\t<div class=\"elementor-widget-container\">\n\t\t\t\t\t<div class=\"elementor-image-box-wrapper\"><figure class=\"elementor-image-box-img\"><a href=\"http:\/\/uddae.uea.edu.br\/index.php\/telessaude-uea\/\" tabindex=\"-1\"><img loading=\"lazy\" decoding=\"async\" width=\"1080\" height=\"1080\" src=\"http:\/\/uddae.uea.edu.br\/wp-content\/uploads\/2023\/07\/4-1.png\" class=\"elementor-animation-grow attachment-full size-full wp-image-370\" alt=\"\" srcset=\"http:\/\/uddae.uea.edu.br\/wp-content\/uploads\/2023\/07\/4-1.png 1080w, http:\/\/uddae.uea.edu.br\/wp-content\/uploads\/2023\/07\/4-1-300x300.png 300w, http:\/\/uddae.uea.edu.br\/wp-content\/uploads\/2023\/07\/4-1-1024x1024.png 1024w, http:\/\/uddae.uea.edu.br\/wp-content\/uploads\/2023\/07\/4-1-150x150.png 150w, http:\/\/uddae.uea.edu.br\/wp-content\/uploads\/2023\/07\/4-1-768x768.png 768w, http:\/\/uddae.uea.edu.br\/wp-content\/uploads\/2023\/07\/4-1-230x230.png 230w, http:\/\/uddae.uea.edu.br\/wp-content\/uploads\/2023\/07\/4-1-400x400.png 400w, http:\/\/uddae.uea.edu.br\/wp-content\/uploads\/2023\/07\/4-1-600x600.png 600w, http:\/\/uddae.uea.edu.br\/wp-content\/uploads\/2023\/07\/4-1-640x640.png 640w\" sizes=\"(max-width: 1080px) 100vw, 1080px\" \/><\/a><\/figure><div class=\"elementor-image-box-content\"><h3 class=\"elementor-image-box-title\"><a href=\"http:\/\/uddae.uea.edu.br\/index.php\/telessaude-uea\/\">Telessa\u00fade <br>UEA<\/a><\/h3><\/div><\/div>\t\t\t\t<\/div>\n\t\t\t\t<\/div>\n\t\t\t\t<\/div>\n\t\t<div class=\"elementor-element elementor-element-7ec54b5 e-con-full e-flex e-con e-child\" data-id=\"7ec54b5\" data-element_type=\"container\" data-e-type=\"container\">\n\t\t\t\t<div class=\"elementor-element elementor-element-52a6752 elementor-position-top elementor-invisible elementor-widget elementor-widget-image-box\" data-id=\"52a6752\" data-element_type=\"widget\" data-e-type=\"widget\" data-settings=\"{&quot;_animation&quot;:&quot;fadeIn&quot;}\" data-widget_type=\"image-box.default\">\n\t\t\t\t<div class=\"elementor-widget-container\">\n\t\t\t\t\t<div class=\"elementor-image-box-wrapper\"><figure class=\"elementor-image-box-img\"><a href=\"http:\/\/uddae.uea.edu.br\/index.php\/laboratorio-de-ensino-e-avaliacao\/\" tabindex=\"-1\"><img loading=\"lazy\" decoding=\"async\" width=\"1080\" height=\"1080\" src=\"http:\/\/uddae.uea.edu.br\/wp-content\/uploads\/2023\/07\/6-2.png\" class=\"elementor-animation-grow attachment-full size-full wp-image-375\" alt=\"\" srcset=\"http:\/\/uddae.uea.edu.br\/wp-content\/uploads\/2023\/07\/6-2.png 1080w, http:\/\/uddae.uea.edu.br\/wp-content\/uploads\/2023\/07\/6-2-300x300.png 300w, http:\/\/uddae.uea.edu.br\/wp-content\/uploads\/2023\/07\/6-2-1024x1024.png 1024w, http:\/\/uddae.uea.edu.br\/wp-content\/uploads\/2023\/07\/6-2-150x150.png 150w, http:\/\/uddae.uea.edu.br\/wp-content\/uploads\/2023\/07\/6-2-768x768.png 768w, http:\/\/uddae.uea.edu.br\/wp-content\/uploads\/2023\/07\/6-2-230x230.png 230w, http:\/\/uddae.uea.edu.br\/wp-content\/uploads\/2023\/07\/6-2-400x400.png 400w, http:\/\/uddae.uea.edu.br\/wp-content\/uploads\/2023\/07\/6-2-600x600.png 600w, http:\/\/uddae.uea.edu.br\/wp-content\/uploads\/2023\/07\/6-2-640x640.png 640w\" sizes=\"(max-width: 1080px) 100vw, 1080px\" \/><\/a><\/figure><div class=\"elementor-image-box-content\"><h3 class=\"elementor-image-box-title\"><a href=\"http:\/\/uddae.uea.edu.br\/index.php\/laboratorio-de-ensino-e-avaliacao\/\">Laborat\u00f3rio de <br>Ensino e Avalia\u00e7\u00e3o<\/a><\/h3><\/div><\/div>\t\t\t\t<\/div>\n\t\t\t\t<\/div>\n\t\t\t\t<\/div>\n\t\t<div class=\"elementor-element elementor-element-58a58ce e-con-full e-flex e-con e-child\" data-id=\"58a58ce\" data-element_type=\"container\" data-e-type=\"container\">\n\t\t\t\t<div class=\"elementor-element elementor-element-b9e4716 elementor-position-top elementor-invisible elementor-widget elementor-widget-image-box\" data-id=\"b9e4716\" data-element_type=\"widget\" data-e-type=\"widget\" data-settings=\"{&quot;_animation&quot;:&quot;fadeIn&quot;}\" data-widget_type=\"image-box.default\">\n\t\t\t\t<div class=\"elementor-widget-container\">\n\t\t\t\t\t<div class=\"elementor-image-box-wrapper\"><figure class=\"elementor-image-box-img\"><a href=\"http:\/\/uddae.uea.edu.br\/index.php\/nucleo-humanistico\/\" tabindex=\"-1\"><img loading=\"lazy\" decoding=\"async\" width=\"1080\" height=\"1080\" src=\"http:\/\/uddae.uea.edu.br\/wp-content\/uploads\/2023\/07\/2-1.png\" class=\"elementor-animation-grow attachment-full size-full wp-image-368\" alt=\"\" srcset=\"http:\/\/uddae.uea.edu.br\/wp-content\/uploads\/2023\/07\/2-1.png 1080w, http:\/\/uddae.uea.edu.br\/wp-content\/uploads\/2023\/07\/2-1-300x300.png 300w, http:\/\/uddae.uea.edu.br\/wp-content\/uploads\/2023\/07\/2-1-1024x1024.png 1024w, http:\/\/uddae.uea.edu.br\/wp-content\/uploads\/2023\/07\/2-1-150x150.png 150w, http:\/\/uddae.uea.edu.br\/wp-content\/uploads\/2023\/07\/2-1-768x768.png 768w, http:\/\/uddae.uea.edu.br\/wp-content\/uploads\/2023\/07\/2-1-230x230.png 230w, http:\/\/uddae.uea.edu.br\/wp-content\/uploads\/2023\/07\/2-1-400x400.png 400w, http:\/\/uddae.uea.edu.br\/wp-content\/uploads\/2023\/07\/2-1-600x600.png 600w, http:\/\/uddae.uea.edu.br\/wp-content\/uploads\/2023\/07\/2-1-640x640.png 640w\" sizes=\"(max-width: 1080px) 100vw, 1080px\" \/><\/a><\/figure><div class=\"elementor-image-box-content\"><h3 class=\"elementor-image-box-title\"><a href=\"http:\/\/uddae.uea.edu.br\/index.php\/nucleo-humanistico\/\">N\u00facleo <br>Human\u00edstico<\/a><\/h3><\/div><\/div>\t\t\t\t<\/div>\n\t\t\t\t<\/div>\n\t\t\t\t<\/div>\n\t\t<div class=\"elementor-element elementor-element-ea392a1 e-con-full e-flex e-con e-child\" data-id=\"ea392a1\" data-element_type=\"container\" data-e-type=\"container\">\n\t\t\t\t<div class=\"elementor-element elementor-element-523a540 elementor-position-top elementor-invisible elementor-widget elementor-widget-image-box\" data-id=\"523a540\" data-element_type=\"widget\" data-e-type=\"widget\" data-settings=\"{&quot;_animation&quot;:&quot;fadeIn&quot;}\" data-widget_type=\"image-box.default\">\n\t\t\t\t<div class=\"elementor-widget-container\">\n\t\t\t\t\t<div class=\"elementor-image-box-wrapper\"><figure class=\"elementor-image-box-img\"><a href=\"http:\/\/uddae.uea.edu.br\/index.php\/una-sus-uea\/\" tabindex=\"-1\"><img loading=\"lazy\" decoding=\"async\" width=\"561\" height=\"560\" src=\"http:\/\/uddae.uea.edu.br\/wp-content\/uploads\/2023\/07\/INSTAGRAM-2-1.png\" class=\"elementor-animation-grow attachment-full size-full wp-image-374\" alt=\"\" srcset=\"http:\/\/uddae.uea.edu.br\/wp-content\/uploads\/2023\/07\/INSTAGRAM-2-1.png 561w, http:\/\/uddae.uea.edu.br\/wp-content\/uploads\/2023\/07\/INSTAGRAM-2-1-300x300.png 300w, http:\/\/uddae.uea.edu.br\/wp-content\/uploads\/2023\/07\/INSTAGRAM-2-1-150x150.png 150w, http:\/\/uddae.uea.edu.br\/wp-content\/uploads\/2023\/07\/INSTAGRAM-2-1-230x230.png 230w, http:\/\/uddae.uea.edu.br\/wp-content\/uploads\/2023\/07\/INSTAGRAM-2-1-400x400.png 400w\" sizes=\"(max-width: 561px) 100vw, 561px\" \/><\/a><\/figure><div class=\"elementor-image-box-content\"><h3 class=\"elementor-image-box-title\"><a href=\"http:\/\/uddae.uea.edu.br\/index.php\/una-sus-uea\/\">UNA-SUS <br>UEA<\/a><\/h3><\/div><\/div>\t\t\t\t<\/div>\n\t\t\t\t<\/div>\n\t\t\t\t<\/div>\n\t\t\t\t\t<\/div>\n\t\t\t\t<\/div>\n\t\t\t\t<\/div>\n\t\t","protected":false},"excerpt":{"rendered":"<p>Nossos N\u00facleos Capacita\u00e7\u00e3o Docente Integra\u00e7\u00e3o Curricular e de Ensino e Servi\u00e7o Planejamento Educacional Telessa\u00fade UEA Laborat\u00f3rio de Ensino e Avalia\u00e7\u00e3o N\u00facleo Human\u00edstico UNA-SUS UEA<\/p>\n","protected":false},"author":1,"featured_media":0,"parent":0,"menu_order":0,"comment_status":"closed","ping_status":"closed","template":"elementor_header_footer","meta":{"footnotes":""},"class_list":["post-961","page","type-page","status-publish","hentry"],"_links":{"self":[{"href":"http:\/\/uddae.uea.edu.br\/index.php\/wp-json\/wp\/v2\/pages\/961","targetHints":{"allow":["GET"]}}],"collection":[{"href":"http:\/\/uddae.uea.edu.br\/index.php\/wp-json\/wp\/v2\/pages"}],"about":[{"href":"http:\/\/uddae.uea.edu.br\/index.php\/wp-json\/wp\/v2\/types\/page"}],"author":[{"embeddable":true,"href":"http:\/\/uddae.uea.edu.br\/index.php\/wp-json\/wp\/v2\/users\/1"}],"replies":[{"embeddable":true,"href":"http:\/\/uddae.uea.edu.br\/index.php\/wp-json\/wp\/v2\/comments?post=961"}],"version-history":[{"count":13,"href":"http:\/\/uddae.uea.edu.br\/index.php\/wp-json\/wp\/v2\/pages\/961\/revisions"}],"predecessor-version":[{"id":1458,"href":"http:\/\/uddae.uea.edu.br\/index.php\/wp-json\/wp\/v2\/pages\/961\/revisions\/1458"}],"wp:attachment":[{"href":"http:\/\/uddae.uea.edu.br\/index.php\/wp-json\/wp\/v2\/media?parent=961"}],"curies":[{"name":"wp","href":"https:\/\/api.w.org\/{rel}","templated":true}]}}